00110100111?
111010011100110101001
In base 4, what is -31232111210003 - 1?
-31232111210010
In base 8, what is 36 - 117133232?
-117133174
In base 4, what is 11232 + 10020331?
10032223
In base 4, what is -10011210 + 3032020?
-313130
In base 10, what is -7315778 + -2?
-7315780
In base 4, what is 2320010 + 321003?
3301013
In base 13, what is -8c + 1612?
1553
In base 14, what is -70adb46 + 5?
-70adb41
In base 15, what is d9bbd - 121?
d9a9c
In base 8, what is 2 + -20355335?
-20355333
In base 11, what is 22649 + 8a?
22728
In base 3, what is -102222002022022 + 20?
-102222002022002
In base 5, what is 111344220442 - -1?
111344220443
In base 15, what is 0 - -21a7bb3?
21a7bb3
In base 16, what is 153 - be3b?
-bce8
In base 14, what is -b - 69d5a3?
-69d5b0
In base 15, what is 62e411 - 4?
62e40c
In base 4, what is 3 - -23223330221?
23223330230
In base 3, what is 122 - 11020222022?
-11020221200
In base 3, what is -1111022122020 + -1222?
-1111022201012
In base 15, what is 15d6 - -24c9?
3ab0
In base 15, what is -5 - 2989d6?
-2989db
In base 9, what is -11605113 - -31?
-11605072
In base 11, what is -3 + -6778587?
-677858a
In base 10, what is 0 + 1169226?
1169226
In base 8, what is -2674 + 112730?
110034
In base 4, what is 113331200 - -233?
113332033
In base 16, what is 0 - -96d25b?
96d25b
In base 2, what is 11 + 1011000110111110110?
1011000110111111001
In base 6, what is -11221540 - 21022?
-11243002
In base 10, what is -62 - -62760?
62698
In base 5, what is -1012042 - 130230?
-1142322
In base 5, what is -4 + -3000313300?
-3000313304
In base 7, what is -1112 - 32000152?
-32001264
In base 16, what is 129b80 - 3?
129b7d
In base 9, what is 4 - 1628035?
-1628031
In base 11, what is 39398 - 3063?
36335
In base 15, what is e - -79034?
79043
In base 14, what is -51 + -c2255?
-c22a6
In base 7, what is -1434266 + 144?
-1434122
In base 16, what is -3 + -caffb?
-caffe
In base 12, what is -1621 - -9b38?
8517
In base 8, what is -311206556 - 4?
-311206562
In base 13, what is -487 - -6b6a1?
6b217
In base 9, what is 37288 + -2420?
34768
In base 3, what is -1221220212212221 - -1?
-1221220212212220
In base 15, what is -7616386 + -5?
-761638b
In base 16, what is 8cf2 + f9?
8deb
In base 9, what is -3 - 127724670?
-127724673
In base 13, what is 357 - 1110?
-a86
In base 10, what is -3677 + 2046?
-1631
In base 11, what is 24921 - -3879?
2869a
In base 16, what is -5db6b9 + 17?
-5db6a2
In base 10, what is 4 + 22102607?
22102611
In base 8, what is -126 - 5165574?
-5165722
In base 10, what is 9 + -4234764?
-4234755
In base 12, what is 4 - 13143b?
-131437
In base 6, what is 30000035 - -33?
30000112
In base 3, what is -200 - -10112221112021?
10112221111121
In base 13, what is -cbc1 + 7807?
-53b7
In base 9, what is 0 + -22863714?
-22863714
In base 4, what is 1333102010 + 330?
1333103000
In base 3, what is -10 - -212201221221?
212201221211
In base 5, what is 2001 - 10401423?
-10344422
In base 14, what is -1737 + -35d60?
-37697
In base 11, what is -156380a + -6?
-1563815
In base 8, what is -1036 - 672206?
-673244
In base 3, what is 2001222002 + 100220?
2002022222
In base 6, what is -1 - -254335015?
254335014
In base 6, what is 4 - 14501232132?
-14501232124
In base 12, what is 4 - 529523?
-52951b
In base 3, what is -20022122011001102 + -11?
-20022122011001120
In base 3, what is 221100211 + 10121?
221111102
In base 13, what is -2139 - -897?
-1572
In base 13, what is -269 - -3ccb27?
3cc88b
In base 16, what is 694f821 - -4?
694f825
In base 6, what is 4 + -55343210?
-55343202
In base 15, what is -812 + -a180?
-a992
In base 6, what is 2 + -113151145?
-113151143
In base 2, what is -110011 - -1100101100111110111100?
1100101100111110001001
In base 3, what is 200121022 + 112201?
201011000
In base 8, what is 425 - -74431?
75056
In base 13, what is -7b1 + -c78c3?
-c83a4
In base 3, what is -12112002212 - -1121122?
-12110111020
In base 10, what is -673229 + 0?
-673229
In base 16, what is -380 + c4ce?
c14e
In base 13, what is -47cc + 2886?
-1c46
In base 16, what is 6e34 - -5?
6e39
In base 11, what is -5655 + -2799?
-8343
In base 9, what is 7 + 114803250?
114803257
In base 11, what is 89a282a1 - 1?
89a282a0
In base 3, what is -2211202212 + 120022?
-2211012120
In base 16, what is 2b - -17b10b2?
17b10dd
In base 15, what is 3 - 3195ac?
-3195a9
In base 4, what is -1122231210030 + -32?
-1122231210122
In base 10, what is -53 - 345366?
-345419
In base 8, what is -4015414 - 161?
-4015575
In base 3, what is -1101222101 - 210222?
-1102210100
In base 10, what is -30783 - 349?
-31132
In base 9, what is 22002548 + 21?
22002570
In base 3, what is 22220111 + -1210020122?
-1110100011
In base 14, what is 2 - -17b2cb0?
17b2cb2
In base 14, what is 596 + 2ab3?
3269
In base 10, what is 23082 + 144?
23226
In base 11, what is -5a + -478a97?
-479046
In base 3, what is 100 + 1100101002021111?
1100101002021211
In base 12, what is 331 - 28ba9?
-28878
In base 12, what is 3 + 67aa2bb?
67aa302
In base 14, what is -594c64 - -2b?
-594c37
In base 12, what is -1 + 2288b7b9?
2288b7b8
In base 11, what is 6246a952 + 0?
6246a952
In base 2, what is 100 + 1110100001100111100001000?
1110100001100111100001100
In base 13, what is -a1a6981 + -3?
-a1a6984
In base 15, what is -dd + 56a6?
55b8
In base 13, what is 257143 - 1a?
257126
In base 2, what is -100100011 + 100100101010010?
100100000101111
In base 15, what is -10732 + -b3?
-107e5
In base 16, what is -9a8 + -e670?
-f018
In base 11, what is -4a42909 + 9?
-4a42900
In base 15, what is 100a527 - 8?
100a51e
In base 11, what is 34a - -636654?
6369a3
In base 14, what is 4 - -149c94?
149c98
In base 5, what is -430344401000 + 10?
-430344400440
In base 2, what is -111001001 - 101110100001111111010?
-101110100010111000011
In base 13, what is -13 + -191818?
-19182b
In base 10, what is 4609 - 104070?
-99461
In base 7, what is 13 - -20240155?
20240201
In base 6, what is 0 + 34254332?
34254332
In base 13, what is 1867 + 77b?
2315
In base 2, what is -1011010100010001111100111101 + 10?
-1011010100010001111100111011
In base 8, what is 1 - -15471152?
15471153
In base 11, what is -51607 + -187?
-51793
In base 15, what is 1c + -228717?
-2286ea
In base 9, what is 5637 + 137573?
144321
In base 16, what is -8dd6c - -4?
-8dd68
In base 2, what is -101100001111001100010101 - 111001?
-101100001111001101001110
In base 12, what is -3466 - -1a87?
-159b
In base 6, what is 131022 - -310?
131332
In base 14, what is 9 - -344dd46?
344dd51
In base 5, what is 40430 + 40222333?
40313313
In base 6, what is -142 + -20125340?
-20125522
In base 16, what is 48b + -2ba82?
-2b5f7
In base 5, what is 44122244 + 202?
44123001
In base 4, what is 21003 + -203212?
-122203
In base 16, what is -6be00 - -16a?
-6bc96
In base 14, what is baa + 11473?
1223d
In base 6, what is -42141 - 3110301?
-3152442
In base 11, what is 4 + 430703?
430707
In base 16, what is d + -2dfc102?
-2dfc0f5
In base 10, what is 2921 + -106930?
-104009
In base 8, what is -3 - -16056553?
16056550
In base 6, what is -1252 - -1225122?
1223430
In base 3, what is -222 - -10201102012?
10201101020
In base 3, what is 12111201220122 + -2?
12111201220120
In base 15, what is 36 - -34b81?
34bb7
In base 8, what is 15 + 2001217?
2001234
In base 15, what is 3056471 - 0?
3056471
In base 2, what is 100011110101001 - 11111111011100?
11111001101
In base 3, what is 222111221 - -2201200?
1002020121
In base 2, what is -11101011100101001 + -11?
-11101011100101100
In base 10, what is 78 + -907967?
-907889
In base 11, what is -6 - 180498?
-1804a3
In base 9, what is 33 - -1152116?
1152150
In base 9, what is -148 - 413778?
-414037
In base 10, what is -36 - 18290?
-18326
In base 10, what is 7 - 168569512?
-168569505
In base 2, what is 100 - -10001001010010001001011100?
10001001010010001001100000
In base 16, what is -4906 - 26b?
-4b71
In base 10, what is -37562 - 381?
-37943
In base 7, what is -1 + 1051252263?
1051252262
In base 7, what is -4 - 532434?
-532441
In base 4, what is 10 + -1233332221012?
-1233332221002
In base 15, what is -ed5353 - 1?
-ed5354
In base 15, what is 3 - 16d613c3?
-16d613c0
In base 15, what is -26 + -7518?
-753e
In base 10, what is 5874432 - 43?
5874389
In base 15, what is 26 + -9dec1?
-9de9a
In base 13, what is 488 - b64b8?
-b6030
In base 14, what is -1 + -300733?
-300734
In base 16, 